 a be z(5). Let p = -5 + a. What is the units digit of p?
5
Suppose -r + 4 - 2 = 0. Suppose -r*a - 29 = -6*a + 3*o, -28 = -4*a + 4*o. Suppose -12 = -2*l + a. What is the units digit of l?
0
Let c = 38 - 7. What is the tens digit of c?
3
Suppose 2*p = -h + 3*h + 598, h = 5. What is the hundreds digit of p?
3
Let d(t) = 5 + 0 - 4*t + t + 4*t. Let w be d(10). Suppose -6*y = -3*y - w. What is the units digit of y?
5
Let s be 1/2 - 413/(-14). Let p = s + -16. What is the tens digit of p?
1
Suppose -o + 57 = 21. Let m be o/((2 - 0)/2). Suppose -3*n + 19 = j, -2*j - m = -4*n + 2*j. What is the units digit of n?
7
Suppose -84 = -2*t - t. What is the units digit of t?
8
Let l = 139 + -74. Let s = l - 38. What is the tens digit of s?
2
What is the units digit of 2 + (-1 - -4) + 97?
2
Suppose 0 = -5*l - 4*s + 11, 8 + 1 = 3*l + 3*s. Let b = l - -1. Suppose 2*p - 5 - 2 = -w, -3*w + 5*p + 21 = b. What is the units digit of w?
7
What is the tens digit of (2/6)/((-12)/(-2520))?
7
Let a(f) = 38*f**2 + f. What is the tens digit of a(1)?
3
Let k(w) = -3*w**3 + 2*w**2 + 4. Let f(v) = 4*v**3 - v**2 - 5. Let j(d) = 2*f(d) + 3*k(d). Let r be 3/(-9)*(-6)/1. What is the units digit of j(r)?
0
Let y(d) = 3*d**2 + 3*d + 4. Let o = 6 + -3. Let b be y(o). Suppose 2*q - 40 + 10 = -k, 3*q - k - b = 0. What is the units digit of q?
4
Suppose -119 + 333 = 2*o. What is the hundreds digit of o?
1
Let i = 10 - 5. Suppose -i*u + 3 = -7. Suppose w - u = -w. What is the units digit of w?
1
Let d = -1 - -2. Let w = d + 1. What is the units digit of w?
2
Let o(z) = z**2 - 5*z + 4. Let n be o(5). Suppose 7*h + 4 = 3*h. Let u = h + n. What is the units digit of u?
3
Suppose i + i - 50 = 0. What is the tens digit of i?
2
Suppose 0 = -6*v - 0*v + 228. What is the units digit of v?
8
Let m be 4 + (-4)/6*3. Let b(y) = -2 + m + y - 2*y. What is the units digit of b(-3)?
3
Let w(p) = 4*p - 4. Suppose 12 = 2*f + f. What is the units digit of w(f)?
2
Suppose 131 = 4*g - 69. What is the units digit of g?
0
Let o be 1 + -1 - (1 + 4). Let n(m) = -3*m - 4. What is the units digit of n(o)?
1
Suppose 0 = -s - 3*s. Suppose s = -2*d + 41 - 3. What is the tens digit of d?
1
Suppose -134*i = -139*i + 1305. What is the tens digit of i?
6
Let d be 1/(-5) + (-603)/(-15). Suppose f - d = -0*f. What is the tens digit of f?
4
Suppose -94 = -5*s - 5*y + 3*y, 3*y + 66 = 4*s. What is the tens digit of s?
1
Let s(p) = -2*p - 17. Let r be s(-10). Suppose -r*t + 26 + 10 = 0. What is the tens digit of t?
1
Let b = -8 - -10. Suppose m + b = 5. Suppose m*u + 5*t = 30 + 5, 0 = u + 5*t - 15. What is the units digit of u?
0
Suppose -37 - 129 = -3*w + 2*v, 3*v = -2*w + 89. What is the units digit of w?
2
Suppose 0 = 4*h - 5*y + 39, 0 = -3*y + 7 + 2. Let x be (-172)/(-14) + h/21. What is the units digit of (-114)/(-9) + (-8)/x?
2
Let i be (0 - 25) + 0/1. Let x = 60 + i. What is the units digit of x?
5
Let d be (-717)/13 - 10/(-65). Let k = -16 - d. Suppose 3*p + 4*t = k, 24 = 4*p - t - 3*t. What is the units digit of p?
9
Let q(k) = 3 + 6*k - 8 + 2*k - 4*k. What is the units digit of q(4)?
1
Let z(d) = -2*d + 1. What is the units digit of z(-4)?
9
Suppose -2*w = -7 + 1. Let i(z) = -26*z**w - z + 4*z**3 + 2*z - z**2 + 2*z**2 + 1. What is the units digit of i(-1)?
3
Suppose -2*m + 10 = -0*m. What is the units digit of 2/m - (-33)/5?
7
Let m(w) = 6*w**2 + 2*w - 1. Let s be 1 - (3/1)/1. What is the units digit of m(s)?
9
Let c(z) = z + 15. What is the tens digit of c(7)?
2
Let r(l) = -l**3 - l**2 + 4*l + 1. Let v be r(-3). Let m be (85/102)/(2/12). Suppose -5*c + 18 = -2*z, 6*c = m*z + 3*c + v. What is the units digit of z?
1
Suppose -28 = 3*k + 17. Let x = 22 + k. What is the units digit of x?
7
Let g(l) = l**3 + 5*l**2 - 4*l - 6. Let f be g(-5). Let n = f + -5. What is the units digit of n?
9
Suppose s + 1 + 0 = 0. What is the tens digit of (-12)/s - (2 - 2)?
1
Suppose -3*b = 2*x + 15, b - 2*b - 5*x - 5 = 0. Let w = b - -8. Suppose -w*i + 5*i - 6 = 0. What is the units digit of i?
3
Let z = -6 - -11. Suppose 2*x = 6*a - a + 22, 0 = -z*a + 4*x - 14. Let p = a + 28. What is the tens digit of p?
2
Let p = 1 - -22. Suppose -3*u - p = -s - 3*s, -2*u = 2*s + 6. Let z = -1 + s. What is the units digit of z?
1
Suppose 2*c - 161 = -t + 110, -5 = -t. What is the units digit of c?
3
Let i(v) = -5*v**2 - 6*v + 4. Let r(a) = 9*a**2 + 11*a - 8. Let s(o) = 7*i(o) + 4*r(o). What is the units digit of s(-4)?
4
Let b(n) = -6*n + 5. What is the units digit of b(-6)?
1
Let b(v) = 5*v - 3*v - 4*v - 13. What is the units digit of b(-9)?
5
Suppose -2*w = -0*w - 76. Let g = w - 25. What is the tens digit of g?
1
Let n(y) = -y**3 - y**2 - y + 2. Let s be n(0). Suppose 2*m = s*f - 4*f, m - 16 = -5*f. Suppose -f*z - 10 + 42 = 0. What is the units digit of z?
8
Let x = -18 - -13. What is the units digit of -2 + x/(-1)*1?
3
Suppose -50 = 4*k + 5*q - 194, 3*k + 4*q - 107 = 0. What is the tens digit of k?
4
Suppose 0 = 6*m - 7*m + 152. What is the tens digit of m?
5
Suppose 71 = -2*a - 1. Let x = a + 60. What is the units digit of x?
4
Suppose 2*b = -u + 120 - 40, 0 = 4*u + 4*b - 324. What is the tens digit of u?
8
Suppose 129 + 141 = 2*b - 4*f, -2*f = 3*b - 437. What is the units digit of b?
3
Let l = 102 - 8. What is the tens digit of l?
9
Suppose 0*o + 4*o = 3*h - 18, 12 = -4*o. Suppose -3*b - 23 = -u + b, h*b - 27 = -5*u. Let c = -2 + u. What is the units digit of c?
5
Let u(b) = -b**3 + 12*b**2 - 5*b + 13. Let k be u(11). Suppose 5*n = 51 + k. What is the units digit of n?
6
What is the units digit of (-3)/7 - (-429)/21?
0
Let w = -1 + 17. Suppose -3*l - w = -88. What is the tens digit of l?
2
Suppose 0 = -0*l + 5*l. What is the tens digit of -1 + (-69)/(l + -3)?
2
Suppose 5*w - w + 5*t - 111 = 0, -w - t = -28. What is the units digit of w?
9
Let q(j) = -j. Suppose 0*s = -2*s + 3*v + 9, 2*s + 4*v = 16. Let t(d) = -d. Let a(b) = s*t(b) - 5*q(b). What is the units digit of a(-1)?
1
Let y(u) = u**2 - 1. Let g be y(1). Let z be 4 + g - (1 + 1). What is the units digit of 6/((-5)/((-5)/z))?
3
Let f be (-4)/(-6)*15/2. Suppose -2*o + 3*o = -f*n + 2, -o - n = 2. Let m = o + 5. What is the units digit of m?
2
Let y(n) = -2*n**3 - 5*n**2 - 3*n - 2. Let o be y(-3). Let j be (-2)/(2/o*-2). Let g = 13 - j. What is the units digit of g?
5
Let v(q) be the first derivative of q**4 - q**2/2 - 2. What is the units digit of v(1)?
3
Suppose -4*o + 2*o = -60. What is the tens digit of o?
3
Suppose 3*p - 5*i = 21, 21 = 4*p - p - i. Suppose -p*x = -4*x - 15. What is the units digit of x?
5
What is the tens digit of ((-1 - 1)/6)/((-6)/846)?
4
Let z(d) = d**3 - 3*d**2 - 4*d + 2. Let x be z(4). Suppose x*n = n. Suppose -4 = -j - n*j. What is the units digit of j?
4
What is the tens digit of 2 + -4 - (2 - 10)*33?
6
Let k(w) = w**3 - 6*w**2 - 6*w - 1. Let g(j) = -3*j**3 + j**2 + j. Let s be g(-1). Suppose -4*v = 3*a - 1, 4*a - 17 - 26 = s*v. What is the units digit of k(a)?
6
Suppose 4*b = 6*b - 42. Suppose -n + 4*n - b = z, -4*z - 12 = 0. What is the units digit of n?
6
Let y be (2/(-3))/(2/6). Suppose -5*t + 5*i + 660 = 0, -3*i - 396 = -3*t + 2*i. What is the units digit of t/16 - y/(-8)?
8
Let t(b) = -b**2 + 7*b. Let h be t(7). Suppose -d + 3 = -h. What is the units digit of d?
3
Suppose j + 0*j = 50. What is the tens digit of j?
5
Let k = 35 + -31. What is the units digit of k?
4
Let g = -21 + 31. Let s = g + -6. Suppose 3 = s*h - 4*l - 1, -4*h - l + 9 = 0. What is the units digit of h?
2
Let d be (-70)/(-4) - (-6)/(-4). Suppose -2*u + u = -d. What is the tens digit of u?
1
Let l(z) = z**3 - 12*z**2 + 11*z + 2. Let c be l(11). Suppose c*p - 5*w - 38 = 0, -6*p - w = -4*p - 50. What is the units digit of p?
4
Suppose -2*t = 2*n - 92, -4*t - 122 = -3*n - 320. What is the units digit of t?
8
Let x(m) = m**2 + 6*m - 1. Let q be x(-6). Let v be (2 + -2)*q/2. Let f = 4 + v. What is the units digit of f?
4
Suppose 3*m + 0*m - 4*a + 8 = 0, -4*m = 4*a + 48. Let s = 0 - m. What is the units digit of s?
8
Suppose -3*t + 84 = 5*a, 0*t - 3*a = -5*t + 106. What is the tens digit of t?
2
Let l = -18 - -43. Suppose 0 = -5*b - 5*h + h + 58, -2*b = h - l. What is the units digit of b?
4
Suppose -4*o - o + 6 = -3*h, -h - 2 = 2*o. Let m(p) = -p**2 - p + 12. Let g be m(o). What is the units